ppose 0*t = -u*t + 140. Is t a prime number?
False
Let q be (-32)/(-18) - (-6)/27. Let k(p) = -p**3 + 3*p**2 - 2. Let f be k(q). Suppose 0 = b - f*b + 13. Is b prime?
True
Let y(p) = -p**3 + 6*p**2 - 4*p - 3. Let o be y(4). Suppose -93 = -2*d + o. Is d a composite number?
False
Suppose p - 4*l = l + 12, 4 = 5*p + 3*l. Let x(g) = -g**2 - 6*g - 5. Let n be x(-5). Suppose n*m - 2 = m, p*m = -3*t + 110. Is t a prime number?
False
Let o(p) = -4*p**3 + 3*p**2 - 2*p + 4. Let z be o(4). Is z*(-3 - -6)/(-6) composite?
True
Let v(f) = f**3 + 7*f**2 + 3*f - 8. Let b be v(-6). Let y = b - 12. Let m(g) = -17*g + 1. Is m(y) prime?
False
Let v = 30 - 18. Let s(c) = 3*c + 2. Let b be s(3). Suppose b = u - v. Is u a composite number?
False
Is 20/(-100) + (-9492)/(-10) a composite number?
True
Suppose 0 = -2*i - 4*x + 594, x = i - 2*x - 322. Is i*3/9*3 composite?
False
Suppose -3*j - 2*g = -209, g = 2*g + 5. Let f = j + -39. Is f composite?
True
Let p(l) = -l + 11. Let z be p(0). Let m = z - -26. Is m a prime number?
True
Let j be (-40)/((2 + -5)/12). Let f = 88 - 161. Let x = j + f. Is x a composite number?
True
Suppose 301 = -2*w + 1235. Is w a prime number?
True
Suppose -c = 5*a - 213, 3*a + 2*c - c = 127. Is a composite?
False
Let w(r) = 4*r**2 + 1 + 8*r**2 + 10*r**2 + r. Is w(-1) a composite number?
True
Suppose o - 5*o = -1196. Is o a composite number?
True
Suppose 4*r = d - 2986, 2*r = 3*d - 3*r - 8923. Is d a composite number?
True
Suppose -3*q + 2*t + 3*t = 0, q - 17 = -4*t. Let w = -1 - -1. Suppose w*l = -q*l + 370. Is l prime?
False
Let u(y) = -4 - 9*y - y**2 - 5*y + 9*y. Let j be u(-3). Suppose -j*s = 62 - 300. Is s prime?
False
Suppose 5*s + 208 = -5*g - 57, -4*g - 242 = -2*s. Let q = -39 - g. Suppose m + q = 98. Is m a prime number?
True
Let n = -1395 - -2018. Is n a prime number?
False
Suppose -4*i + 2 = -5*m, -5 = i + 3*m - 14. Suppose -461 + 92 = -i*k. Is k composite?
True
Let s(a) = 5*a - 8. Let j be s(7). Is 1 + (-136)/(-12)*j prime?
True
Let j(k) = 2*k - 4. Let l be j(4). Suppose 0 = -l*u - 12 + 4. Let y(g) = -4*g - 1. Is y(u) prime?
True
Let i be (-16)/(-40) + (-32)/5. Is (-3)/i*306 - 4 a prime number?
True
Let d(i) = -i**3 - 5*i**2 + 6*i - 25. Is d(-11) composite?
True
Let l(w) be the first derivative of 7*w**3/3 - w**2/2 + 3*w - 2. Is l(-3) composite?
True
Is ((-10)/4)/(6/(-348)) a prime number?
False
Suppose 5*v - 728 = -x, 0*x - 3*x + 2232 = -v. Is x a composite number?
False
Let x(m) = m**2 - 3*m. Let p(i) = i. Let j(o) = 2*p(o) + x(o). Let q be j(1). Suppose q = 8*n - 4*n - 220. Is n prime?
False
Let x(o) = 4*o**3 - 9*o**2 - o + 9. Let n(m) = -3*m**3 + 8*m**2 + 2*m - 8. Let r(i) = -5*n(i) - 4*x(i). Is r(-5) prime?
True
Suppose -o = 2*o - 2139. Is o prime?
False
Let a(q) = q**3 - q. Let g be a(1). Suppose 4*b + 3*k = 2*k + 143, -4*b + 2*k + 134 = g. Is b prime?
False
Let q(w) = -w**3 - 2*w**2 + w - 2. Let u be q(-3). Suppose -p = u*p. Suppose -3*t + 78 - 33 = p. Is t composite?
True
Suppose -4*a = -2*r - 410, -3*r - 481 = -5*a + 31. Is a a composite number?
False
Let o be -1*20/(-4) + -2. Suppose -4*y = -4*v - 828, v + 195 = y - o*v. Is y a prime number?
True
Let s(t) = t**2 - 10*t + 12. Let k be s(9). Suppose -2*d - 590 = -4*m + 28, m + k*d = 158. Is m prime?
False
Suppose 0 = 3*t + 7 - 580. Is t a composite number?
False
Suppose 0 = 8*u - 4*u - 492. Suppose -3*n - 30 = -u. Is n a composite number?
False
Let u(z) = -z**3 - 5*z**2 + 9*z + 3. Is u(-8) prime?
False
Is (2/(-8))/((-2)/1048) a prime number?
True
Let d = 63 - 44. Is d a composite number?
False
Suppose 0 = -4*c + g + 2136, -4*c = c + 4*g - 2691. Is c a prime number?
False
Suppose -9*s - 916 + 17539 = 0. Is s prime?
True
Let l = -102 - -168. Is 5/((-5)/(-3)) + l a prime number?
False
Suppose -v - v + 48 = 0. Suppose -2*p = 3*a + a - 6, 4*a = 4*p + v. Suppose -a*j + j = -254. Is j prime?
True
Let i be (-10)/(-5) - (-2 + 3). Is i/(-2) + (-6315)/(-10) a prime number?
True
Let u = 10 + -16. Is (-340)/u*(-6)/(-4) a composite number?
True
Let g(p) = -2*p**3 + 2*p**2 - 2. Let l be g(2). Let r = 24 - l. Is r composite?
True
Let n = 18 - 13. Suppose 4*m - 88 - 105 = 3*p, 3*m + n*p = 152. Is m prime?
False
Let c(f) = -2*f - 2. Let h be c(-4). Suppose -3*i + 3*y = -477, -h*y + y = 0. Is i a composite number?
True
Let a(b) = -b**3 - b**2 + 487. Is a(0) a composite number?
False
Suppose z - 4 = -3. Let o be z/3 - 10/(-6). Suppose o*f = f + 33. Is f composite?
True
Let o be (-2)/(0 - 4/6). Let n = 17 - 9. Suppose n + o = h. Is h composite?
False
Let h(u) = -4*u**2 - u - 1. Let v be h(-1). Let r = v + 23. Is r a prime number?
True
Let t be (1 + -4 + -2)/(-1). Let x(b) = b**2 - 3 - 2*b + 0*b - 1. Is x(t) a composite number?
False
Is 464/8 + (0 - -1) composite?
False
Suppose 5*k - k - 136 = -f, 0 = f - 2*k - 124. Let g = f + -86. Suppose -t = -3*a + 17, -t = -5*a + g - 11. Is a a prime number?
True
Suppose 5*b - y = y, -4*b - 5*y = -33. Suppose 0 = -b*n + 1 + 3. Suppose -n*v - 318 = -4*v. Is v composite?
True
Suppose -56 = 2*n + 30. Let a = n - -112. Is a composite?
True
Let a(k) = 3760*k**3 + k**2. Is a(1) a composite number?
False
Suppose t = i - 2*i + 717, -2158 = -3*t + 4*i. Suppose 0 = 2*v - 544 - t. Is v a composite number?
False
Suppose -3*u + 5*i = -58, 0*i + 37 = 2*u - 3*i. Is u prime?
True
Suppose 4*z = 3*t + 3*z - 4835, -3*t + 4*z + 4841 = 0. Let d be ((-2)/(-3))/(6/t). Suppose -3*q = 4*o - d, 2*q = -2*o + q + 91. Is o a prime number?
True
Let x = -1 + 7. Let s(j) = 12*j**2 + 2*j - 5. Let g(l) = 13*l**2 + 2*l - 5. Let a(v) = -6*g(v) + 7*s(v). Is a(x) composite?
False
Let d(z) = z**3 + 13*z**2 + 11*z + 3. Let p be d(-12). Let l(r) = 3*r**2 + r + 20 - 5 + p*r. Is l(-10) a composite number?
True
Let d(j) be the second derivative of 3*j**5/20 + j**4/12 - j**3/3 + j**2/2 + 2*j. Let g be d(1). Suppose q - 14 = -5*v, -2*q - g*q = -2*v - 97. Is q composite?
False
Suppose 18 = -0*j + 3*j. Let h(t) = t**2 - 4*t + 9. Let s be h(j). Let u = s - 2. Is u a prime number?
True
Let n(l) = 2*l**2 - 5*l + 2. Is n(-9) a prime number?
False
Let z(q) = 4*q - 2. Let j be z(2). Suppose -o - j = -2*p - 51, -o = 5. Let x = 13 - p. Is x a composite number?
True
Suppose 0 = -4*w - 0 + 8. Let g(v) = 0 + 0 + 5*v**3 - 1 - v. Is g(w) a composite number?
False
Let q = 6804 + -4321. Is q a prime number?
False
Let z be 3*3/(18/4). Suppose -3 = -z*v + 1. Let q(k) = 7*k**2 - 3*k. Is q(v) a composite number?
True
Let d(g) = 64*g**2 - 2*g + 5. Is d(-3) a composite number?
False
Suppose -y - 5*x + 229 = 0, -5*x = y + 2*y - 737. Is y a prime number?
False
Suppose 0 = 4*f - 7*f + 201. Is f a prime number?
True
Suppose -9*i + 3554 + 217 = 0. Is i composite?
False
Let k(i) = -i**3 - i**2 + i - 6. Let f be k(0). Let o = 9 + 5. Is ((-21)/f)/(1/o) composite?
True
Let r(j) = -109*j + 5*j - 23*j. Is r(-1) composite?
False
Let a be ((-40)/(-3))/(2/24). Suppose 3*m = 173 + a. Is m a composite number?
True
Let b(g) be the third derivative of g**6/120 + 2*g**5/15 + 5*g**4/24 + 7*g**3/6 - g**2. Suppose 0*w = -3*w - 21. Is b(w) composite?
True
Let i be 1/2 + 15/6. Suppose -n = i - 4. Is (15/25)/(n/25) a prime number?
False
Let a(v) = -v**3 + v - 1. Let c be a(1). Let j = c - -58. Is j a prime number?
False
Let b(h) = 2 + 14*h - 1 - 2. Let a be b(2). Let n = a - 4. Is n composite?
False
Let p = -2 - 1. Let a(r) = -r - 2. Let o be a(p). Is ((-5)/2)/(o/(-14)) composite?
True
Let s(g) = -30*g**3 + g**2 - g - 1. Is s(-1) prime?
True
Suppose m = 3*j, -2*m + 6*m = -j. Suppose -4*f + j*f = 132. Let n = 54 + f. Is n prime?
False
Suppose 5*v + 13 = -197. Is (4 + -3)*v/(-2) composite?
True
Let t(f) = f**3 + 3*f**2 - f - 2. Let o be t(-3). Let a = 3 - o. Suppose v - 41 = -4*k, a*v - 4*v + 2*k + 32 = 0. Is v a prime number?
False
Suppose 0 = y + 3 - 0. Is y - (2 + -64 + 0) a composite number?
False
Let d be ((-9)/(-2))/(1/(-2)). Let c be 2 + 1/((-1)/(-1)). Is (-3)/d*7*c a prime number?
True
Let a(s) = 50*s + 7. Is a(6) composite?
False
Suppose -2*w - 10 = -5*v, v + w = -4*w + 29. Suppose -v*b = -2*y + 26, y + 12 = -0*y - 3*b. Suppose 0 = 4*o + 13 + 3, 0 = y*z + 2*o - 247. Is z composite?
True
Let a = -249 - -414. Suppose -2*m + a = g + 2*m, m = 3*g - 430. Is g a composite number?
True
Let v be (-3 + 14/4)*8. Suppose w + 147 = v*w. Is w a prime 